{"id":1288,"date":"2024-06-13T16:03:52","date_gmt":"2024-06-13T14:03:52","guid":{"rendered":"https:\/\/breins-elektrotechnik.de\/?page_id=1288"},"modified":"2024-06-20T18:17:44","modified_gmt":"2024-06-20T16:17:44","slug":"service","status":"publish","type":"page","link":"https:\/\/breins-elektrotechnik.de\/?page_id=1288","title":{"rendered":"Service-Ticket anfordern"},"content":{"rendered":"<p>Falls an einer unserer Anlagen eine St\u00f6rung auftritt bzw. falls Sie Probleme mit dem<br \/>\nBetrieb der Anlage haben, bitten wir Sie, uns nachfolgendes Formular auszuf\u00fcllen!<\/p>\n<p>Bitte haben Sie Verst\u00e4ndnis daf\u00fcr, dass wir hier nur Servicearbeiten an von uns installierten<br \/>\nAnlagen bei unseren Kunden ber\u00fccksichtigen k\u00f6nnen.<\/p>\n<div class=\"wpforms-container wpforms-container-full wpforms-render-modern\" id=\"wpforms-1282\"><form id=\"wpforms-form-1282\" class=\"wpforms-validate wpforms-form wpforms-ajax-form\" data-formid=\"1282\" method=\"post\" enctype=\"multipart\/form-data\" action=\"\/index.php?rest_route=%2Fwp%2Fv2%2Fpages%2F1288\" data-token=\"30438aebc2b630b925e9344511c1a8a7\" data-token-time=\"1776409668\"><noscript class=\"wpforms-error-noscript\">Bitte aktiviere JavaScript in deinem Browser, um dieses Formular fertigzustellen.<\/noscript><div class=\"wpforms-hidden\" id=\"wpforms-error-noscript\">Bitte aktiviere JavaScript in deinem Browser, um dieses Formular fertigzustellen.<\/div><div class=\"wpforms-field-container\"><div id=\"wpforms-1282-field_0-container\" class=\"wpforms-field wpforms-field-name\" data-field-id=\"0\"><fieldset><legend class=\"wpforms-field-label\">Name <span class=\"wpforms-required-label\" aria-hidden=\"true\">*<\/span><\/legend><div class=\"wpforms-field-row wpforms-field-medium\"><div class=\"wpforms-field-row-block wpforms-first wpforms-one-half\"><input type=\"text\" id=\"wpforms-1282-field_0\" class=\"wpforms-field-name-first wpforms-field-required\" name=\"wpforms[fields][0][first]\" aria-errormessage=\"wpforms-1282-field_0-error\" required><label for=\"wpforms-1282-field_0\" class=\"wpforms-field-sublabel after\">Vorname<\/label><\/div><div class=\"wpforms-field-row-block wpforms-one-half\"><input type=\"text\" id=\"wpforms-1282-field_0-last\" class=\"wpforms-field-name-last wpforms-field-required\" name=\"wpforms[fields][0][last]\" aria-errormessage=\"wpforms-1282-field_0-last-error\" required><label for=\"wpforms-1282-field_0-last\" class=\"wpforms-field-sublabel after\">Nachname<\/label><\/div><\/div><\/fieldset><\/div><div id=\"wpforms-1282-field_7-container\" class=\"wpforms-field wpforms-field-text\" data-field-id=\"7\"><label class=\"wpforms-field-label\" for=\"wpforms-1282-field_7\">Firma: <span class=\"wpforms-required-label\" aria-hidden=\"true\">*<\/span><\/label><input type=\"text\" id=\"wpforms-1282-field_7\" class=\"wpforms-field-medium wpforms-field-required\" name=\"wpforms[fields][7]\" aria-errormessage=\"wpforms-1282-field_7-error\" required><\/div><div id=\"wpforms-1282-field_16-container\" class=\"wpforms-field wpforms-field-text\" data-field-id=\"16\"><label class=\"wpforms-field-label\" for=\"wpforms-1282-field_16\">Kunden-Nr.: <span class=\"wpforms-required-label\" aria-hidden=\"true\">*<\/span><\/label><input type=\"text\" id=\"wpforms-1282-field_16\" class=\"wpforms-field-small wpforms-field-required\" name=\"wpforms[fields][16]\" aria-errormessage=\"wpforms-1282-field_16-error\" aria-describedby=\"wpforms-1282-field_16-description\" required><div id=\"wpforms-1282-field_16-description\" class=\"wpforms-field-description\">Bitte tragen Sie hier Ihre Kunden-Nr. ein!<\/div><\/div><div id=\"wpforms-1282-field_17-container\" class=\"wpforms-field wpforms-field-text\" data-field-id=\"17\"><label class=\"wpforms-field-label\" for=\"wpforms-1282-field_17\">Telefon-Nr.: <span class=\"wpforms-required-label\" aria-hidden=\"true\">*<\/span><\/label><input type=\"text\" id=\"wpforms-1282-field_17\" class=\"wpforms-field-medium wpforms-field-required\" name=\"wpforms[fields][17]\" placeholder=\"+49-(0)9999-1234567...\" aria-errormessage=\"wpforms-1282-field_17-error\" aria-describedby=\"wpforms-1282-field_17-description\" required><div id=\"wpforms-1282-field_17-description\" class=\"wpforms-field-description\">Bitte tragen Sie hier Ihre Telefon-Nummer nach obigem Muster ein!<\/div><\/div><div id=\"wpforms-1282-field_1-container\" class=\"wpforms-field wpforms-field-email\" data-field-id=\"1\"><label class=\"wpforms-field-label\" for=\"wpforms-1282-field_1\">Email-Adresse: <span class=\"wpforms-required-label\" aria-hidden=\"true\">*<\/span><\/label><input type=\"email\" id=\"wpforms-1282-field_1\" class=\"wpforms-field-medium wpforms-field-required\" name=\"wpforms[fields][1]\" spellcheck=\"false\" aria-errormessage=\"wpforms-1282-field_1-error\" required><\/div><div id=\"wpforms-1282-field_3-container\" class=\"wpforms-field wpforms-field-textarea\" data-field-id=\"3\"><label class=\"wpforms-field-label\" for=\"wpforms-1282-field_3\">Problembeschreibung <span class=\"wpforms-required-label\" aria-hidden=\"true\">*<\/span><\/label><textarea id=\"wpforms-1282-field_3\" class=\"wpforms-field-medium wpforms-field-required\" name=\"wpforms[fields][3]\" aria-errormessage=\"wpforms-1282-field_3-error\" required><\/textarea><\/div><div id=\"wpforms-1282-field_12-container\" class=\"wpforms-field wpforms-field-checkbox\" data-field-id=\"12\"><fieldset><legend class=\"wpforms-field-label\">Info zum Datenschutz <span class=\"wpforms-required-label\" aria-hidden=\"true\">*<\/span><\/legend><ul id=\"wpforms-1282-field_12\" class=\"wpforms-field-required\"><li class=\"choice-1 depth-1\"><input type=\"checkbox\" id=\"wpforms-1282-field_12_1\" name=\"wpforms[fields][12][]\" value=\"Ich habe die nachfolgenden Informationen zum Datenschutz zur Kenntnis genommen\" aria-errormessage=\"wpforms-1282-field_12_1-error\" aria-describedby=\"wpforms-1282-field_12-description\" required ><label class=\"wpforms-field-label-inline\" for=\"wpforms-1282-field_12_1\">Ich habe die nachfolgenden Informationen zum Datenschutz zur Kenntnis genommen<\/label><\/li><\/ul><div id=\"wpforms-1282-field_12-description\" class=\"wpforms-field-description\"><span style=\"font-family: arial, helvetica, sans-serif;\"><b>Info zum Datenschutz<\/b><\/span>\r\n<span style=\"font-family: arial, helvetica, sans-serif;\">Unsere Internetseite erm\u00f6glicht Ihnen eine schnelle elektronische Kontaktaufnahme zu unserem Unternehmen sowie eine unmittelbare Kommunikation per Email, Telefax oder Telefon, was eine allgemeine Adresse der sogenannten elektronischen Post (E-Mail-Adresse) umfasst. Sofern Sie per E-Mail, Telefax oder Telefon den Kontakt mit uns aufnehmen, werden die von Ihnen \u00fcbermittelten personenbezogenen Daten automatisch gespeichert. Solche auf freiwilliger Basis von Ihnen an uns \u00fcbermittelten personenbezogenen Daten werden f\u00fcr Zwecke der Bearbeitung oder der Kontaktaufnahme gespeichert. Es erfolgt keine Weitergabe dieser personenbezogenen Daten an Dritte.<\/span>\r\n<a href=\"?page_id=3\" title=\"Zur Datenschutzerkl\u00e4rung\"><span style=\"font-family: arial, helvetica, sans-serif;\">[siehe auch Datenschutzerkl\u00e4rung]<\/span><\/a>\r\n\r\n<\/div><\/fieldset><\/div><\/div><!-- .wpforms-field-container --><div class=\"wpforms-submit-container\" ><input type=\"hidden\" name=\"wpforms[id]\" value=\"1282\"><input type=\"hidden\" name=\"page_title\" value=\"\"><input type=\"hidden\" name=\"page_url\" value=\"https:\/\/breins-elektrotechnik.de\/index.php?rest_route=%2Fwp%2Fv2%2Fpages%2F1288\"><button type=\"submit\" name=\"wpforms[submit]\" id=\"wpforms-submit-1282\" class=\"wpforms-submit\" data-alt-text=\"Datenpr\u00fcfung\" data-submit-text=\"Ticket erstellen\" aria-live=\"assertive\" value=\"wpforms-submit\">Ticket erstellen<\/button><img loading=\"lazy\" decoding=\"async\" src=\"https:\/\/breins-elektrotechnik.de\/wp-content\/plugins\/wpforms-lite\/assets\/images\/submit-spin.svg\" class=\"wpforms-submit-spinner\" style=\"display: none;\" width=\"26\" height=\"26\" alt=\"Wird geladen\"><\/div><\/form><\/div>  <!-- .wpforms-container -->\n","protected":false},"excerpt":{"rendered":"<p>Falls an einer unserer Anlagen eine St\u00f6rung auftritt bzw. falls Sie Probleme mit dem Betrieb der Anlage haben, bitten wir Sie, uns nachfolgendes Formular auszuf\u00fcllen!&hellip;<\/p>\n","protected":false},"author":1,"featured_media":0,"parent":0,"menu_order":0,"comment_status":"closed","ping_status":"closed","template":"","meta":{"footnotes":""},"_links":{"self":[{"href":"https:\/\/breins-elektrotechnik.de\/index.php?rest_route=\/wp\/v2\/pages\/1288"}],"collection":[{"href":"https:\/\/breins-elektrotechnik.de\/index.php?rest_route=\/wp\/v2\/pages"}],"about":[{"href":"https:\/\/breins-elektrotechnik.de\/index.php?rest_route=\/wp\/v2\/types\/page"}],"author":[{"embeddable":true,"href":"https:\/\/breins-elektrotechnik.de\/index.php?rest_route=\/wp\/v2\/users\/1"}],"replies":[{"embeddable":true,"href":"https:\/\/breins-elektrotechnik.de\/index.php?rest_route=%2Fwp%2Fv2%2Fcomments&post=1288"}],"version-history":[{"count":3,"href":"https:\/\/breins-elektrotechnik.de\/index.php?rest_route=\/wp\/v2\/pages\/1288\/revisions"}],"predecessor-version":[{"id":1417,"href":"https:\/\/breins-elektrotechnik.de\/index.php?rest_route=\/wp\/v2\/pages\/1288\/revisions\/1417"}],"wp:attachment":[{"href":"https:\/\/breins-elektrotechnik.de\/index.php?rest_route=%2Fwp%2Fv2%2Fmedia&parent=1288"}],"curies":[{"name":"wp","href":"https:\/\/api.w.org\/{rel}","templated":true}]}}