{"id":383,"date":"2023-06-23T18:50:25","date_gmt":"2023-06-23T16:50:25","guid":{"rendered":"https:\/\/breins-elektrotechnik.de\/?page_id=383"},"modified":"2024-09-30T19:38:03","modified_gmt":"2024-09-30T17:38:03","slug":"stellenangebote","status":"publish","type":"page","link":"https:\/\/breins-elektrotechnik.de\/?page_id=383","title":{"rendered":"Stellenangebote"},"content":{"rendered":"<p><strong><span style=\"font-family: arial, helvetica, sans-serif;\">Ausbildungsstelle f\u00fcr das Ausbildungsjahr 2025<br \/>\n<\/span><\/strong><span style=\"font-family: arial, helvetica, sans-serif;\"><strong><br \/>\nElektroniker (m\/w\/d) &#8211; Energie- und Geb\u00e4udetechnik<br \/>\n<\/strong><span style=\"font-size: 10pt;\">Elektroniker\/innen der Fachrichtung Energie- und Geb\u00e4udetechnik (m\/w\/d) planen elektrotechnische Anlagen<\/span><br \/>\n<span style=\"font-size: 10pt;\"> von Geb\u00e4uden sowie deren Energieversorgung und Infrastruktur. Sie installieren die Anlagen, nehmen sie in <\/span><br \/>\n<span style=\"font-size: 10pt;\">Betrieb und warten oder reparieren sie bei Bedarf.<\/span><br \/>\n<strong><br \/>\n<\/strong><\/span><span style=\"font-family: arial, helvetica, sans-serif;\"><strong>Elektroniker (m\/w\/d) &#8211; Automatisierungs- und Systemtechnik<br \/>\n<\/strong><span style=\"font-size: 10pt;\">Elektroniker\/innen der Fachrichtung Automatisierungs- und Systemtechnik (m\/w\/d) konzipieren, installieren<br \/>\nsowie programmieren Automatisierungsanlagen und halten diese instand, um den fehlerfreien Ablauf auto-<br \/>\nmatisierter Prozesse sicherzustellen.<\/span><br \/>\n<strong><br \/>\n<\/strong><strong>Technischer Systemplaner (m\/w\/d) &#8211; Schwerpunkt Elektrotechnik<br \/>\n<\/strong><span style=\"font-size: 10pt;\">Technische Systemplaner\/innen der Fachrichtung Elektrotechnische Systeme fertigen Zeichnungen und<br \/>\ntechnische Unterlagen f\u00fcr geb\u00e4ude- und anlagentechnische Einrichtungen sowie Elektroinstallationen. Dazu<br \/>\narbeiten sie in der Regel am Computer mit\u00a0<a class=\"ba-link-secondary\" title=\"Fachworterkl\u00e4rung: CAD\" href=\"https:\/\/web.arbeitsagentur.de\/berufenet\/#\" target=\"_blank\" rel=\"noopener\">CAD-<\/a>Systemen. Auf der Basis von Vorgaben und Kundenw\u00fcnschen<br \/>\nfertigen sie Entw\u00fcrfe und Detailpl\u00e4ne sowie Schalt-, Stromlauf- und Verkabelungspl\u00e4ne.Dabei beachten sie die<br \/>\njeweils einschl\u00e4gigen Zeichnungsnormen und tragen eine f\u00fcr die Fertigung zweckm\u00e4\u00dfige Bema\u00dfung ein. Au\u00dfe-<br \/>\nrdem erstellen sie Arbeitsvorgaben, Bedienungsanleitungen, Best\u00fcckungspl\u00e4ne und St\u00fccklisten f\u00fcr die Montage.<\/span><br \/>\n<strong><br \/>\n<\/strong><\/span><span style=\"font-family: arial, helvetica, sans-serif;\">Ausbildungsbeginn f\u00fcr alle Ausbildungsstellen: 09\/2025<\/span><br \/>\n<span style=\"font-family: arial, helvetica, sans-serif;\">Ausbildungsst\u00e4tte: Breins Elektrotechnik GmbH, 88299 Leutkirch<\/span><\/p>\n<div>\n<hr \/>\n<p><span style=\"font-family: arial, helvetica, sans-serif;\"><strong>Elektroniker f\u00fcr Betriebstechnik \/ Elektriker m\/w\/d f\u00fcr folgende Aufgabengebiete:<\/strong><\/span><\/p>\n<ul>\n<li><span style=\"font-family: arial, helvetica, sans-serif;\">Installation und Inbetriebnahme elektrotechnischer Anlagen im Bereich Energie- und<br \/>\nGeb\u00e4udetechnik, Anlagenbau<\/span><\/li>\n<li><span style=\"font-family: arial, helvetica, sans-serif;\">Schaltschrankbau f\u00fcr Anlagen im Bereich Wasser- u. Abwasserwirtschaft, Baustoffindustrie,<br \/>\nMaschinen- und Anlagenbau, Erneuerbare Energien<\/span><\/li>\n<li><span style=\"font-family: arial, helvetica, sans-serif;\">Durchf\u00fchren von Wartungs- und Instandhaltungsarbeiten an Anlagen im Bereich der Haus-<br \/>\nund Geb\u00e4udetechnik<\/span><\/li>\n<li><span style=\"font-family: arial, helvetica, sans-serif;\">Durchf\u00fchren von VDE-Messungen an Anlagen, Ger\u00e4ten und Maschinen<\/span><\/li>\n<\/ul>\n<p><span class=\"myButton\" style=\"font-family: arial, helvetica, sans-serif;\"><a href=\"https:\/\/breins-elektrotechnik.de\/?page_id=1457\">\u00a0\u00a0\u27af n\u00e4here Info \u27af\u00a0\u00a0<\/a><\/span><\/p>\n<\/div>\n<div>\n<hr \/>\n<p><span style=\"font-family: arial, helvetica, sans-serif; color: #000000;\"><strong>Elektroinstallateure\/Schaltschrankbauer m\/w\/d f\u00fcr folgende Aufgabengebiete:<\/strong><\/span><\/p>\n<ul>\n<li><span style=\"font-family: arial, helvetica, sans-serif;\">Elektroinstallation, Bau von Schalt- und Steuerschr\u00e4nken<\/span><\/li>\n<li><span style=\"font-family: arial, helvetica, sans-serif;\">Aufbau und Inbetriebnahme von Anlagen<\/span><\/li>\n<li><span style=\"font-family: arial, helvetica, sans-serif;\">Service<\/span><\/li>\n<\/ul>\n<p><span class=\"myButton\"><a href=\"https:\/\/breins-elektrotechnik.de\/?page_id=1540\">\u00a0\u00a0\u27af n\u00e4here Info \u27af\u00a0\u00a0<\/a><\/span><\/p>\n<hr \/>\n<p><span style=\"font-family: arial, helvetica, sans-serif; color: #000000;\"><strong>Meister\/Techniker\/Bachelor(B.Eng., M.Eng.) oder Dipl.-Ing. (FH) m\/w\/d f\u00fcr folgende Aufgabengebiete:<\/strong><\/span><\/p>\n<ul>\n<li><span style=\"font-family: arial, helvetica, sans-serif;\">Hardwareplanung\/Elektrokonstruktion mit EPLAN P8\/DDS<\/span><\/li>\n<li><span style=\"font-family: arial, helvetica, sans-serif;\">Softwareerstellung f\u00fcr PLC-Systeme<\/span><br \/>\n<span style=\"font-family: arial, helvetica, sans-serif;\">\u00a0 \u00a0 Siemens S7 (Step 7, WinCC)<\/span><br \/>\n<span style=\"font-family: arial, helvetica, sans-serif;\">\u00a0 \u00a0 Beckhoff-Systeme, Wago-Systeme, Eaton-Systeme (CodeSys)<\/span><\/li>\n<li><span style=\"font-family: arial, helvetica, sans-serif;\">Progammierung und Pflege von Prozessleitsystemen Iltis, Schraml, FlowChief, Siemens<\/span><\/li>\n<li><span style=\"font-family: arial, helvetica, sans-serif;\">Projektleitung und Organisation<\/span><\/li>\n<li><span style=\"font-family: arial, helvetica, sans-serif;\">Service<\/span><\/li>\n<\/ul>\n<p><span class=\"myButton\"><a href=\"https:\/\/breins-elektrotechnik.de\/?page_id=1545\">\u00a0\u00a0\u27af n\u00e4here Info \u27af\u00a0\u00a0<\/a><\/span><\/p>\n<hr \/>\n<p><span style=\"font-family: arial, helvetica, sans-serif;\">Ihre aussagekr\u00e4ftige Bewerbung richten Sie bitte an <a href=\"mailto:info@breins-elektrotechnik.de\">bewerbung@breins-elektrotechnik.de<\/a>,<br \/>\nschriftlich an Breins Elektrotechnik GmbH, Am Buchenhang 2, 88299 Leutkirch <strong>oder<br \/>\n<\/strong>telefonisch an 07567 98800-124, Frau Vollmar.<\/span><\/p>\n<\/div>\n<p><span style=\"font-family: arial, helvetica, sans-serif; color: #808080;\"><strong>Bitte nehmen Sie in diesem Zusammenhang auch unsere Infos zum Datenschutz zur Kenntnis!<br \/>\n<\/strong><\/span><span style=\"font-family: arial, helvetica, sans-serif; color: #808080;\">Unsere Internetseite erm\u00f6glicht Ihnen eine schnelle elektronische Kontaktaufnahme zu unserem Unternehmen sowie eine unmittelbare Kommunikation per Email, Telefax oder Telefon, was eine allgemeine Adresse der sogenannten elektronischen Post (E-Mail-Adresse) umfasst. Sofern Sie per E-Mail, Telefax oder Telefon den Kontakt mit uns aufnehmen, werden die von Ihnen \u00fcbermittelten personenbezogenen Daten automatisch gespeichert. Solche auf freiwilliger Basis von Ihnen an uns \u00fcbermittelten personenbezogenen Daten werden f\u00fcr Zwecke der Bearbeitung oder der Kontaktaufnahme gespeichert. Es erfolgt keine Weitergabe dieser personenbezogenen Daten an Dritte.<\/span><br \/>\n<a href=\"https:\/\/breins-elektrotechnik.de\/?page_id=3#anker1\"><span style=\"color: #808080;\"><span style=\"font-family: arial, helvetica, sans-serif;\"><span style=\"color: #99ccff;\">[siehe auch Datenschutz bei Bewerbungen und im Bewerbungsverfahren]<\/span><\/span><\/span><\/a><\/p>\n","protected":false},"excerpt":{"rendered":"<p>Ausbildungsstelle f\u00fcr das Ausbildungsjahr 2025 Elektroniker (m\/w\/d) &#8211; Energie- und Geb\u00e4udetechnik Elektroniker\/innen der Fachrichtung Energie- und Geb\u00e4udetechnik (m\/w\/d) planen elektrotechnische Anlagen von Geb\u00e4uden sowie deren&hellip;<\/p>\n","protected":false},"author":1,"featured_media":0,"parent":0,"menu_order":0,"comment_status":"closed","ping_status":"closed","template":"","meta":{"footnotes":""},"_links":{"self":[{"href":"https:\/\/breins-elektrotechnik.de\/index.php?rest_route=\/wp\/v2\/pages\/383"}],"collection":[{"href":"https:\/\/breins-elektrotechnik.de\/index.php?rest_route=\/wp\/v2\/pages"}],"about":[{"href":"https:\/\/breins-elektrotechnik.de\/index.php?rest_route=\/wp\/v2\/types\/page"}],"author":[{"embeddable":true,"href":"https:\/\/breins-elektrotechnik.de\/index.php?rest_route=\/wp\/v2\/users\/1"}],"replies":[{"embeddable":true,"href":"https:\/\/breins-elektrotechnik.de\/index.php?rest_route=%2Fwp%2Fv2%2Fcomments&post=383"}],"version-history":[{"count":100,"href":"https:\/\/breins-elektrotechnik.de\/index.php?rest_route=\/wp\/v2\/pages\/383\/revisions"}],"predecessor-version":[{"id":1613,"href":"https:\/\/breins-elektrotechnik.de\/index.php?rest_route=\/wp\/v2\/pages\/383\/revisions\/1613"}],"wp:attachment":[{"href":"https:\/\/breins-elektrotechnik.de\/index.php?rest_route=%2Fwp%2Fv2%2Fmedia&parent=383"}],"curies":[{"name":"wp","href":"https:\/\/api.w.org\/{rel}","templated":true}]}}